0) + 18/l?
7
Let k = -9 - -21. Let y be (-76)/k + (-1)/(-3). Calculate the remainder when (-1)/(-3) - 166/y is divided by 15.
13
Suppose -i - 4*j = 17, j + 6 = -2*j. Let a = i + 19. Calculate the remainder when 2/9 + (-320)/(-18) is divided by a.
8
Suppose -m + 10 = z - 22, -5*m = -3*z - 152. Calculate the remainder when m is divided by (-3)/(6/(-34)) + -1.
15
Let l = -17 - -10. Let x = 6 - l. Calculate the remainder when 25 is divided by x.
12
Suppose -3*t - 3 + 12 = 0. Suppose -3*w - 5*z + 24 + 25 = 0, -2*z + 2 = -w. What is the remainder when w is divided by t?
2
Let n(h) = 21*h. Calculate the remainder when n(6) is divided by 196/6 - ((-30)/(-9))/5.
30
Let w(l) = -3*l + 5. Suppose -2*a - 12 = a. What is the remainder when w(a) is divided by 6?
5
Suppose i - 18 = -0*i. What is the remainder when 49 is divided by i?
13
Suppose 4*t + 0*g - 125 = -5*g, -4*t - 3*g + 131 = 0. What is the remainder when t is divided by 9?
8
Let p = 3 + 25. Suppose 0 = -5*y - 2*x + p + 34, -4*y + x + 47 = 0. Calculate the remainder when y is divided by 7.
5
Calculate the remainder when (720/(-105))/((-1)/7) is divided by 25.
23
Suppose -4*y + 5*q = -53 - 71, -20 = -5*q. Calculate the remainder when y is divided by 19.
17
Suppose -5*b + 17 = -4*c, 5*b + 5*c - 23 - 12 = 0. Calculate the remainder when 6 is divided by b.
1
Suppose 13*r - 8*r = 955. What is the remainder when r is divided by 48?
47
Suppose 5*c = 386 - 21. Suppose -12*f + 1 = -23. Suppose 0 = -f*r + c + 77. What is the remainder when r is divided by 19?
18
Suppose 0 = 3*f - 3, 0 = -4*q - 4*f + 10 + 2. Calculate the remainder when 10 is divided by q.
0
Suppose 0 = -3*z - 0*z - 4*w + 19, -5*z + 5*w = 15. Let r = z + 3. What is the remainder when (-1)/(0 - -3) - 136/(-12) is divided by r?
3
Suppose 7*l = 11*l - 144. Calculate the remainder when l is divided by 19.
17
Let d = 5 + -3. Suppose 2*a + 0 - 18 = 4*j, -d*a - j + 23 = 0. Let w(i) = i**3 + 3*i**2 + 4. Calculate the remainder when a is divided by w(-3).
3
Suppose -3*m = -0*m. What is the remainder when (0 + -6)*(-2 - m) is divided by (975/(-27))/(-5) + 4/(-18)?
5
Let f = -113 + 76. Suppose 0 = -2*j - 16. Let m = j - f. Calculate the remainder when m is divided by 10.
9
Let g = -90 + 108. Calculate the remainder when 66 is divided by g.
12
Let h = 8 - 6. Let n(f) = 5 - 2*f - 2*f + f - f**h. Calculate the remainder when 1 is divided by n(-4).
0
Suppose 5*d + 4 = -2*o, 3*d + 2*d = 2*o + 4. Let m(z) = -z**3 + 5. What is the remainder when 17 is divided by m(d)?
2
Suppose 0 = -4*p - i + 50, p = -2*p - 4*i + 31. Let x = p + 18. Calculate the remainder when x is divided by 11.
9
Suppose -1 = 4*y - 3*y. What is the remainder when (-1 - (-19)/1) + y is divided by 6?
5
Suppose 0 = 5*r - 5*i - 105, -3*i - 2*i - 85 = -4*r. What is the remainder when 79 is divided by r?
19
Let h = -115 + 137. What is the remainder when 85 is divided by h?
19
Suppose 2*z = -0*z + 44. Suppose -o - 19 = 4*u - 62, -3*o + 129 = -u. Calculate the remainder when o is divided by z.
21
Suppose 10 = 3*g - 32. Let o = 38 + 16. What is the remainder when o is divided by g?
12
Let h be -1*(-1 - (0 - -2)). Let w(p) = 5*p**3 - p**2 + 2*p - 1. Let a be w(1). Suppose a*m - h = 127. What is the remainder when m is divided by 9?
8
Let k(p) = p**3 + 9*p**2 + 8*p - 1. Let t be k(-8). Calculate the remainder when 1 is divided by (t + 0)*3/(-3).
0
Suppose 4*m = -0*m - 3*n + 42, m = -3*n + 15. What is the remainder when 31 is divided by m?
4
Suppose -4*b + v + 209 = b, 160 = 4*b + v. What is the remainder when b is divided by ((-7)/3)/(1/(-6))?
13
Let o(v) = -23*v - 134. Suppose 3*r + 2*x = 7*r - 26, 3*r - 18 = 3*x. What is the remainder when o(-7) is divided by r?
6
Suppose 0 = -4*y + 4*g - 76, 2*y - 2*g + 39 = g. Let l = y + 25. Calculate the remainder when l is divided by 5.
2
Suppose 13 = 2*w - w. What is the remainder when w is divided by 0/(-1) + 10/2?
3
Suppose 240 = 3*o - 129. Suppose -o = -3*z - n + 4*n, 2*z = 4*n + 82. What is the remainder when z is divided by (4 - 5)/(3/(-42))?
13
Let x(l) = 3*l**2 - l - 1. What is the remainder when x(-3) is divided by 6?
5
Suppose 0 = -5*c + 26*c - 105. Let y(u) = 2*u**2 + 9*u. Calculate the remainder when y(-6) is divided by c.
3
Let l(s) = s**2 - 7*s + 3. Let w be l(7). Suppose w*h = -4*i + 24, h + 8*i - 19 = 3*i. Calculate the remainder when (-2 + 19)/(2/h) is divided by 9.
7
Let m(q) = -q**3 - 3*q**2 - 6*q - 3. What is the remainder when m(-4) is divided by 10?
7
Let g(w) = 2*w + 4. Let s be 1/4 - (-130)/(-8). Let y = 47 + s. What is the remainder when y is divided by g(6)?
15
Suppose 0 = -j + 3*j. Suppose 4*a - 21 - 51 = j. Calculate the remainder when a is divided by 10.
8
Suppose 3*h = -2*j + 21, -2*h + j - 2 = -9. What is the remainder when (0 - -1) + (11 - -1) is divided by h?
3
Let v be (2/(-3))/((-3)/18). What is the remainder when ((v/1)/(-4))/(-1) is divided by 1?
0
Suppose 2*l = -l + 381. Suppose -2*t - 4*x - 152 = -4*t, 157 = 2*t - 3*x. Let j = l - t. What is the remainder when j is divided by 14?
13
Let g(k) = -k**3 - 3*k**2 + 3*k + 19. Suppose j + 2*j = 204. What is the remainder when j is divided by g(-4)?
22
Suppose 0 = 3*q - 7*q + 320. Suppose -4*x + 28 + q = 0. What is the remainder when x is divided by 14?
13
Suppose -3*u = 1 - 10. What is the remainder when 7 is divided by u?
1
Let q = -8 - -8. Suppose q*n - 66 = -n. Calculate the remainder when n is divided by 23.
20
Suppose 5*l - 69 = -2*k, 3 = 4*k - 5*k. Suppose z - 2*z + 86 = 3*y, -2*z = 5*y - 143. What is the remainder when y is divided by l?
14
Let a(j) = 4*j**3 + j. Let h be a(1). Let y(n) = -3*n + 7*n + 5*n**2 - n**3 - 3 + h. Calculate the remainder when y(5) is divided by 12.
10
Let r = -15 - -24. Calculate the remainder when 16 is divided by r.
7
Suppose 10*d - 102 - 38 = 0. Calculate the remainder when 27 is divided by d.
13
Suppose 96 = 7*m + m. What is the remainder when 21 is divided by m?
9
Suppose -3*o + 127 = -10*r + 8*r, -5*o + 205 = -5*r. Calculate the remainder when o is divided by 4/(-10) + (-82)/(-5).
13
Let j be 242/(-14) - 4/(-14). Let o = j - -27. Let h = 26 - o. Calculate the remainder when h is divided by 9.
7
Suppose -4*d + 16 = -0*d. Suppose -3*w + 56 = 4*j, d*j - 8*j + 2*w = -56. What is the remainder when 40 is divided by j?
12
Suppose 0 = 5*i - 2*i - 24. What is the remainder when 13 is divided by i?
5
Suppose -3*g - 3*y + 66 = 0, -2*g + 9 + 15 = -2*y. What is the remainder when 63 is divided by g?
12
Suppose -5*r + 5 + 5 = 0. Suppose y - 43 = -r*k + 4*y, -2*y = -k + 23. Suppose -c - 9 = -j + 2*c, 5 = -5*c. Calculate the remainder when k is divided by j.
5
Let h(q) = 6*q**3 + q**2 - 2*q + 1. Let i be h(-2). Let x = -23 - i. What is the remainder when 61 is divided by x?
13
Suppose 5*y = 2*w, -2*w - 2*y + 36 = 2*y. Suppose -w = 5*x - 10*x. Suppose x*u - 3 = 7. What is the remainder when 12 is divided by u?
2
Let l be 1*(3 + 0/3). Suppose -l*f = -4 - 2. What is the remainder when 5 is divided by f?
1
Let v(c) = 2*c**3 + 4*c - 3. What is the remainder when 40 is divided by v(2)?
19
Let i(p) = -p**2 - 12*p - 9. Suppose 0 = -v + 3*x - 5, 7*x = -3*v + 3*x - 41. Let b = 0 - -1. Calculate the remainder when i(v) is divided by b.
0
Suppose 125 = 2*m - 5*b, -258 = -4*m - 2*b + 4*b. What is the remainder when m is divided by 17?
14
Let f be (-3)/((3/(-21))/(-1)). Let s = f + 13. Let x(b) = b**3 + 9*b**2 + 5*b. Calculate the remainder when x(s) is divided by 9.
6
Let b(h) = -h**3 - 2*h - 7. Calculate the remainder when b(-5) is divided by 26.
24
What is the remainder when 76 - (2 - (-3 - 0)) is divided by 15?
11
Suppose 0*z + 3*z = 18. Let l = -16 - -26. Suppose 0 = 4*c - l - 6. What is the remainder when z is divided by c?
2
Let l be (-4)/(-10) - 24/10. Calculate the remainder when 7 + -4 + (-24)/l is divided by 9.
6
Let k(n) = n**3 + 5*n**2 + 7. Let b be k(-6). Let w = b + 61. Calculate the remainder when (-2 + 4)/(2/w) is divided by 11.
10
Let p(m) = -m**3 - 9*m**2 - 7*m + 8. Let c be p(-8). Let v = 6 + c. Calculate the remainder when 7 is divided by 1*v*6/9.
3
Let u = -11 + 16. Calculate the remainder when 23 is divided by u.
3
Let o be (-3 + 4/3)*-3. Suppose -17 - 3 = -o*m. Calculate the remainder when 5 is divided by m.
1
Let c(l) = 4*l**2 - 3*l + 2. L